d 4501.
7
Let s be 21/((-168)/20)*2848/(-10). What is the highest common factor of s and 3026?
178
Let i(k) = k**2 - 14*k + 1. Let x be i(15). Let c be (176/(-12))/(x/(-48)). What is the highest common divisor of c and 66?
22
Let q be ((-12)/16)/((-36)/(-24)) - (-15)/2. Calculate the highest common divisor of q and 5782.
7
Let a(z) be the first derivative of 3*z**2/2 + 251*z + 71. Let j be a(-41). Calculate the greatest common divisor of 24 and j.
8
Suppose 78*q = 86*q + 5080. Let m = -312 - q. Calculate the highest common divisor of m and 17.
17
Let p = -201 + 132. Let t be (-506)/p*(3 + 0). Calculate the greatest common divisor of 198 and t.
22
Let a(c) = -199*c - 1280. Let k be a(-7). Calculate the greatest common divisor of 3503 and k.
113
Let s be ((-55)/(-10) - -1)*-12. Let y be (-6)/9 + 3*s/(-27). Suppose -4*l + 2*x - 50 = -150, 2*x = y. Calculate the highest common divisor of 6 and l.
3
Suppose 192 = 19*p + 40. Suppose -p*w + 78 + 50 = 0. What is the greatest common divisor of 88 and w?
8
Suppose -2*i + 3*f = 1197, 4*f = -2*i - 782 - 436. Let v = i + 747. What is the highest common divisor of v and 240?
48
Suppose -m + 15 = -2*n + 2, 63 = 4*m + 3*n. Suppose -89*q + 94*q = m. Let i be ((-144)/(-5))/q + (-8)/(-20). What is the greatest common factor of i and 5?
5
Let s(k) = 55*k + 8. Let l(n) = n**2 + 17*n - 16. Let y be l(-18). Let z be s(y). Let i = z + -96. Calculate the highest common factor of 77 and i.
11
Suppose -156 = 28045*n - 28047*n. Calculate the highest common factor of n and 1833.
39
Suppose 0 = -3*v - 4*i - 229, -2*v - 2*i + 223 = -5*v. Let m be (-24)/(-3)*(v/(-10) + 1). What is the highest common divisor of 34 and m?
34
Suppose 0 = -3*o + 2*n + 568, 8*o + 5*n + 245 - 1708 = 0. Calculate the greatest common factor of 18 and o.
6
Let n(b) = b**2 - 5*b + 2. Let s be n(4). Let i = 86 - 88. Let k be i + (s - (-2 - 119)). What is the highest common divisor of 39 and k?
39
Let z = 138 + -131. Suppose -z*w - 8 = -57. What is the highest common divisor of w and 56?
7
Suppose -4*v = -63676 - 421 - 10263. What is the greatest common factor of 11 and v?
11
Let y = 8 + -3. Suppose y*v = 5 + 5. Let h(g) = -g**3 - 2*g**2 + 10*g - 11. Let z be h(-5). Calculate the highest common divisor of v and z.
2
Suppose -c = 1 - 19. Let n(t) = t**2 - 20*t + 30. Let o be n(c). Let r be 2/o + (-94)/(-3). Calculate the highest common divisor of 124 and r.
31
Let o(a) = 29*a + 67. Let h be o(-1). Calculate the greatest common factor of h and 1539.
19
Suppose -3566 = -k - 550. What is the greatest common factor of k and 348?
116
Let n = 6751 + -6511. Calculate the greatest common divisor of n and 165.
15
Let q(c) = 4*c**2 + 79*c - 1996. Let w be q(23). Calculate the highest common divisor of 104 and w.
13
Suppose -5*c = 20, g + c + 38 = 116. Let d = 2861 - 1221. Suppose 0 = 8*t - 0*t - d. What is the greatest common factor of t and g?
41
Let b be (1 - (-9 + 7))/(7/28). What is the greatest common divisor of b and 402?
6
Suppose -126*s + 131*s = -4*c - 625, 0 = 5*s - 2*c + 595. Let g = -66 - s. Calculate the highest common factor of 33 and g.
11
Let k(t) = 7*t**2 + 28*t + 48. Let z be k(-15). Suppose 18*m = z + 525. Calculate the greatest common factor of 24 and m.
24
Let l(g) = g**2 - 159*g + 4590. Let j be l(122). Suppose 2*q = q + 112. Let w = q + -74. What is the highest common divisor of w and j?
38
Suppose 3*q + q = 96. Suppose -16*s + 8*s = -q. Suppose -s*z + 678 = 30. What is the highest common factor of 24 and z?
24
Let v(x) = 10*x**2 - 2*x + 1. Let p be v(-2). Suppose 0 = 5*d - 2*k - 108, -16*k = -d - 17*k + 16. Calculate the highest common factor of p and d.
5
Suppose -166*j + 3456 = -142*j. Let h = -89 + 125. What is the greatest common divisor of h and j?
36
Suppose 0 = 77*h - 38900 - 161069. Calculate the highest common factor of 294 and h.
49
Let p be 72*-5*1*(-17 - (-931)/57). Calculate the highest common factor of p and 285.
15
Let n(p) = -p**3 - 100*p**2 - 107*p + 582. Let b be n(-100). Calculate the highest common divisor of 2 and b.
2
Let f be (-6)/36*0 + 525. Suppose -20*o + f = -15*o. Calculate the greatest common factor of o and 15.
15
Suppose -90318 = -15*q + 51042. Suppose -4*j + q = 15*j. Calculate the greatest common factor of 16 and j.
16
Let g(j) = j - 8. Let o be g(0). Let y be (-32)/4 + 12 + -20. Let u be y*16/(-40)*(-130)/o. What is the greatest common divisor of u and 26?
26
Let w = -174024 - -174050. Suppose 4*l = 9 - 1, -5*l + 2 = -4*g. What is the greatest common divisor of g and w?
2
Suppose 83*v = 63*v + 140. Calculate the greatest common factor of v and 4.
1
Let u(p) be the first derivative of -2*p**3/3 + 36*p**2 + 44*p + 376. Let t be u(34). Suppose -z - 3*z = -80. What is the greatest common factor of z and t?
20
Let x(z) = z**3 - 2*z**2 + 4*z - 8. Let m be x(6). Suppose -7023*k + 7029*k - 240 = 0. Calculate the greatest common factor of m and k.
40
Suppose 3*g = p - 518, -2*p - g + 1050 = -0*g. Let f be (-5)/(-6) - (-4911)/(-18). Let l = f + p. Calculate the highest common divisor of l and 28.
28
Suppose 42 + 14 = 2*k. Let g(z) = -z**2 - 25*z + 215. Let m be g(34). Let l = m - -1861. Calculate the highest common divisor of k and l.
14
Let i(t) = -8*t - 12. Let v be i(-2). Suppose 0 = -0*l + v*l - 36. Let x be 260/2 - (11 - l). What is the greatest common divisor of x and 16?
16
Let x(s) = 600*s + 18640. Let a be x(-31). Let l be 3518/8 + 1/4. What is the highest common factor of l and a?
40
Let z = -457 - -457. Suppose 14*r + 524 - 650 = z. What is the highest common divisor of 66 and r?
3
Suppose -6*t + 258 = -4*t. Suppose -2880 = -5*v - 1805. What is the greatest common divisor of t and v?
43
Let n(g) = 16*g**2 - 2*g - 7. Let m be n(-2). Let s = m - 19. Calculate the greatest common divisor of 182 and s.
14
Let p be ((-2)/(-4))/(31/(-62)). Suppose 2*a + 2 + 0 = 0. Let k be (-1)/(2/(-4) - (p - a)). Calculate the highest common divisor of k and 2.
2
Let i(z) = 454*z**2 + 30*z - 25. Let g be i(-3). What is the highest common factor of 11 and g?
11
Suppose -2*r + r - 2*i = -1274, 5*r - 6412 = 4*i. Calculate the highest common factor of 224 and r.
32
Let p be -3 - (-368 - 3 - 4). Suppose 188 = 20*u - p. What is the highest common divisor of 4 and u?
4
Let l = 620 + -365. Suppose 5*w - 5*n = l, 6*w - 7*w + 51 = 3*n. What is the greatest common factor of w and 102?
51
Let d be (-24)/(-14)*1827/58. What is the greatest common divisor of d and 567?
27
Let j = -1023 - -1191. What is the greatest common divisor of 378 and j?
42
Let d(l) = 3*l**3 - 16*l**2 + 10*l + 3. Suppose -46*p = -32*p - 84. Let r be d(p). Calculate the greatest common factor of r and 63.
9
Let k(z) = -z**3 - 15*z**2 - 26*z - 342. Let n be k(-16). What is the highest common factor of n and 60?
30
Let r = -46 + 80. Suppose -r = -3*t - w - 13, -t = -4*w - 20. Let j = 0 + t. What is the greatest common divisor of 8 and j?
8
Let a(l) = -l**3 + 29*l**2 + 347*l - 85. Let r be a(38). What is the highest common factor of r and 189?
21
Let a = -12 + 18. Let t be 16/(-12)*45/(-12). Let f be t/25*25 - -4. What is the greatest common divisor of f and a?
3
Let m = -931 + 1334. Let i = m - -15. What is the greatest common divisor of 38 and i?
38
Suppose 6*o = -1437 + 27117. Calculate the greatest common divisor of 280 and o.
40
Suppose -3*u + k + 3599 - 728 = 0, -3*k - 957 = -u. Calculate the highest common factor of 561 and u.
33
Suppose -550 - 860 = -15*h. Let s = -58 + h. Let r = 41 - 5. Calculate the greatest common factor of r and s.
36
Let y be -2*3/(-12)*9*-2. Let w = y + 18. Let a be (-6)/((-2)/(84/w)). Calculate the highest common factor of a and 84.
28
Let y = -59 + 85. Let i = -362 + 364. What is the highest common divisor of y and i?
2
Let q be 40/12 + 4/6. Let w be (-66)/(176/(-16))*4/6. Calculate the greatest common factor of w and q.
4
Suppose 12 + 13 = 5*x. Suppose 3*q = -0*q, 3*l - x*q = 15. Suppose 3*r - 12 = -l*h + 81, 0 = -3*r + 3. What is the highest common factor of 36 and h?
18
Let i(h) = -2*h**3 - 118*h**2 + 371*h - 182. Let w be i(-64). What is the highest common divisor of w and 136?
34
Suppose 0*v + 309 = 3*v. Suppose 3*a + v = -u + 5*u, -3*u + a + 76 = 0. Let m be 145 + -145 + 0 + 10. What is the greatest common factor of u and m?
5
S